{"id":1341,"date":"2016-06-23T11:12:53","date_gmt":"2016-06-23T10:12:53","guid":{"rendered":"https:\/\/dostertsa.lu\/index.php\/uber-uns\/"},"modified":"2024-04-19T11:46:04","modified_gmt":"2024-04-19T08:46:04","slug":"historique","status":"publish","type":"page","link":"https:\/\/dostertsa.lu\/index.php\/historique\/","title":{"rendered":"Historique"},"content":{"rendered":"<p>[vc_row type=\u00a0\u00bbvc_default\u00a0\u00bb margin_top=\u00a0\u00bb5&Prime; margin_bottom=\u00a0\u00bb15&Prime; css=\u00a0\u00bb.vc_custom_1493829267800{padding-top: 70px !important;}\u00a0\u00bb][vc_column offset=\u00a0\u00bbvc_col-lg-6 vc_col-md-6 vc_col-xs-12&Prime; css=\u00a0\u00bb.vc_custom_1493829169670{padding-bottom: 70px !important;}\u00a0\u00bb]<div id=\"ultimate-heading-641769f387762d31d\" class=\"uvc-heading ult-adjust-bottom-margin ultimate-heading-641769f387762d31d uvc-7491 accent-border-color\" data-hspacer=\"line_only\"  data-halign=\"left\" style=\"text-align:left\"><div class=\"uvc-main-heading ult-responsive\"  data-ultimate-target='.uvc-heading.ultimate-heading-641769f387762d31d h2'  data-responsive-json-new='{\"font-size\":\"desktop:26px;\",\"line-height\":\"desktop:36px;\"}' ><h2 style=\"font-weight:bold;\">Qui sommes-nous?<\/h2><\/div><div class=\"uvc-heading-spacer line_only\" style=\"margin-top:15px;margin-bottom:50px;height:4px;\"><span class=\"uvc-headings-line\" style=\"border-style:solid;border-bottom-width:4px;border-color:;width:50px;\"><\/span><\/div><\/div><style type=\"text\/css\" data-type=\"the7_shortcodes-inline-css\">.shortcode-single-image-wrap.shortcode-single-image-d99ae8489856000cb8b413d65583ae68.enable-bg-rollover .rollover i,\n.shortcode-single-image-wrap.shortcode-single-image-d99ae8489856000cb8b413d65583ae68.enable-bg-rollover .rollover-video i {\n  background: -webkit-linear-gradient();\n  background: linear-gradient();\n}\n.shortcode-single-image-wrap.shortcode-single-image-d99ae8489856000cb8b413d65583ae68 .rollover-icon {\n  font-size: 32px;\n  color: #ffffff;\n  min-width: 44px;\n  min-height: 44px;\n  line-height: 44px;\n  border-radius: 100px;\n  border-style: solid;\n  border-width: 0px;\n}\n.dt-icon-bg-on.shortcode-single-image-wrap.shortcode-single-image-d99ae8489856000cb8b413d65583ae68 .rollover-icon {\n  background: rgba(255,255,255,0.3);\n  box-shadow: none;\n}\n<\/style><div class=\"shortcode-single-image-wrap shortcode-single-image-d99ae8489856000cb8b413d65583ae68 alignnone  vc_custom_1619012000328 enable-bg-rollover dt-icon-bg-off\" ><div class=\"shortcode-single-image\"><div class=\"fancy-media-wrap  layzr-bg\" style=\"\"><img loading=\"lazy\" decoding=\"async\" class=\"preload-me lazy-load\" src=\"data:image\/svg+xml,%3Csvg%20xmlns%3D&#39;http%3A%2F%2Fwww.w3.org%2F2000%2Fsvg&#39;%20viewBox%3D&#39;0%200%20498%20249&#39;%2F%3E\" data-src=\"https:\/\/dostertsa.lu\/wp-content\/uploads\/2021\/04\/slide_04-498x249.jpg\" data-srcset=\"https:\/\/dostertsa.lu\/wp-content\/uploads\/2021\/04\/slide_04-498x249.jpg 498w\" width=\"498\" height=\"249\"  data-dt-location=\"https:\/\/dostertsa.lu\/index.php\/ueber-uns\/slide_04\/\" style=\"\" alt=\"\" \/><\/div><\/div><\/div>[vc_column_text]La menuiserie Dostert a \u00e9t\u00e9 fond\u00e9e en 1936 par M. Michel DOSTERT, dont le si\u00e8ge social se trouvait au 269, route de Cessange \u00e0 Luxembourg.<\/p>\n<p>Pendant de nombreuses ann\u00e9es, et soutenu par son fils Joseph DOSTERT, p\u00e8re et fils ont travaill\u00e9 dans le but d&rsquo;assurer la p\u00e9rennit\u00e9 de l&rsquo;entreprise familiale.<\/p>\n<p>Au fil du temps, M. Joseph DOSTERT a pris la direction de l&rsquo;entreprise familiale jusqu&rsquo;\u00e0 ce qu&rsquo;il construise, en 1968, son propre atelier de 1200 m2 au 106A Kohlenberg, qui est toujours le site de la menuiserie Dostert en 2024.[\/vc_column_text][\/vc_column][vc_column offset=\u00a0\u00bbvc_col-lg-6 vc_col-md-6 vc_col-xs-12&Prime; css=\u00a0\u00bb.vc_custom_1493829183360{padding-bottom: 70px !important;}\u00a0\u00bb]<div id=\"ultimate-heading-431669f387762df68\" class=\"uvc-heading ult-adjust-bottom-margin ultimate-heading-431669f387762df68 uvc-4524 accent-border-color\" data-hspacer=\"line_only\"  data-halign=\"left\" style=\"text-align:left\"><div class=\"uvc-main-heading ult-responsive\"  data-ultimate-target='.uvc-heading.ultimate-heading-431669f387762df68 h2'  data-responsive-json-new='{\"font-size\":\"desktop:26px;\",\"line-height\":\"desktop:36px;\"}' ><h2 style=\"font-weight:bold;\">A ce jour, la menuiserie Dostert est compos\u00e9e de<\/h2><\/div><div class=\"uvc-heading-spacer line_only\" style=\"margin-top:15px;margin-bottom:40px;height:4px;\"><span class=\"uvc-headings-line\" style=\"border-style:solid;border-bottom-width:4px;border-color:;width:50px;\"><\/span><\/div><\/div><div class=\"standard-arrow bullet-top\"><ul>\n<li>18 employ\u00e9s fixes dans les domaines de la fabrication et de la mise en \u0153uvre<\/li>\n<li>1 dessinateur<\/li>\n<li>1 technicien<\/li>\n<li>Et d&rsquo;une direction qui reste toujours \u00e0 l\u2019\u00e9coute de ses clients<\/li>\n<\/ul>\n<\/div>[\/vc_column][\/vc_row]<\/p>\n","protected":false},"excerpt":{"rendered":"<p>[vc_row type=\u00a0\u00bbvc_default\u00a0\u00bb margin_top=\u00a0\u00bb5&Prime; margin_bottom=\u00a0\u00bb15&Prime; css=\u00a0\u00bb.vc_custom_1493829267800{padding-top: 70px !important;}\u00a0\u00bb][vc_column offset=\u00a0\u00bbvc_col-lg-6 vc_col-md-6 vc_col-xs-12&Prime; css=\u00a0\u00bb.vc_custom_1493829169670{padding-bottom: 70px !important;}\u00a0\u00bb][vc_column_text]La menuiserie Dostert a \u00e9t\u00e9 fond\u00e9e en 1936 par M. Michel DOSTERT, dont le si\u00e8ge social se trouvait au 269, route de Cessange \u00e0 Luxembourg. Pendant de nombreuses ann\u00e9es, et soutenu par son fils Joseph DOSTERT, p\u00e8re et fils ont travaill\u00e9 dans le&hellip;<\/p>\n","protected":false},"author":1,"featured_media":0,"parent":0,"menu_order":1,"comment_status":"closed","ping_status":"closed","template":"","meta":[],"class_list":["post-1341","page","type-page","status-publish","hentry","description-off"],"yoast_head":"<!-- This site is optimized with the Yoast SEO plugin v22.6 - https:\/\/yoast.com\/wordpress\/plugins\/seo\/ -->\n<title>Historique - Menuiserie Dostert SA<\/title>\n<meta name=\"robots\" content=\"index, follow, max-snippet:-1, max-image-preview:large, max-video-preview:-1\" \/>\n<link rel=\"canonical\" href=\"https:\/\/dostertsa.lu\/index.php\/historique\/\" \/>\n<meta property=\"og:locale\" content=\"fr_FR\" \/>\n<meta property=\"og:type\" content=\"article\" \/>\n<meta property=\"og:title\" content=\"Historique - Menuiserie Dostert SA\" \/>\n<meta property=\"og:description\" content=\"[vc_row type=\u00a0\u00bbvc_default\u00a0\u00bb margin_top=\u00a0\u00bb5&Prime; margin_bottom=\u00a0\u00bb15&Prime; css=\u00a0\u00bb.vc_custom_1493829267800{padding-top: 70px !important;}\u00a0\u00bb][vc_column offset=\u00a0\u00bbvc_col-lg-6 vc_col-md-6 vc_col-xs-12&Prime; css=\u00a0\u00bb.vc_custom_1493829169670{padding-bottom: 70px !important;}\u00a0\u00bb][vc_column_text]La menuiserie Dostert a \u00e9t\u00e9 fond\u00e9e en 1936 par M. Michel DOSTERT, dont le si\u00e8ge social se trouvait au 269, route de Cessange \u00e0 Luxembourg. Pendant de nombreuses ann\u00e9es, et soutenu par son fils Joseph DOSTERT, p\u00e8re et fils ont travaill\u00e9 dans le&hellip;\" \/>\n<meta property=\"og:url\" content=\"https:\/\/dostertsa.lu\/index.php\/historique\/\" \/>\n<meta property=\"og:site_name\" content=\"Menuiserie Dostert SA\" \/>\n<meta property=\"article:modified_time\" content=\"2024-04-19T08:46:04+00:00\" \/>\n<meta name=\"twitter:card\" content=\"summary_large_image\" \/>\n<meta name=\"twitter:label1\" content=\"Dur\u00e9e de lecture estim\u00e9e\" \/>\n\t<meta name=\"twitter:data1\" content=\"1 minute\" \/>\n<script type=\"application\/ld+json\" class=\"yoast-schema-graph\">{\"@context\":\"https:\/\/schema.org\",\"@graph\":[{\"@type\":\"WebPage\",\"@id\":\"https:\/\/dostertsa.lu\/index.php\/historique\/\",\"url\":\"https:\/\/dostertsa.lu\/index.php\/historique\/\",\"name\":\"Historique - Menuiserie Dostert SA\",\"isPartOf\":{\"@id\":\"https:\/\/dostertsa.lu\/#website\"},\"datePublished\":\"2016-06-23T10:12:53+00:00\",\"dateModified\":\"2024-04-19T08:46:04+00:00\",\"breadcrumb\":{\"@id\":\"https:\/\/dostertsa.lu\/index.php\/historique\/#breadcrumb\"},\"inLanguage\":\"fr-FR\",\"potentialAction\":[{\"@type\":\"ReadAction\",\"target\":[\"https:\/\/dostertsa.lu\/index.php\/historique\/\"]}]},{\"@type\":\"BreadcrumbList\",\"@id\":\"https:\/\/dostertsa.lu\/index.php\/historique\/#breadcrumb\",\"itemListElement\":[{\"@type\":\"ListItem\",\"position\":1,\"name\":\"Accueil\",\"item\":\"https:\/\/dostertsa.lu\/\"},{\"@type\":\"ListItem\",\"position\":2,\"name\":\"Historique\"}]},{\"@type\":\"WebSite\",\"@id\":\"https:\/\/dostertsa.lu\/#website\",\"url\":\"https:\/\/dostertsa.lu\/\",\"name\":\"Menuiserie Dostert SA\",\"description\":\"Entreprise de Fabrication\",\"potentialAction\":[{\"@type\":\"SearchAction\",\"target\":{\"@type\":\"EntryPoint\",\"urlTemplate\":\"https:\/\/dostertsa.lu\/?s={search_term_string}\"},\"query-input\":\"required name=search_term_string\"}],\"inLanguage\":\"fr-FR\"}]}<\/script>\n<!-- \/ Yoast SEO plugin. -->","yoast_head_json":{"title":"Historique - Menuiserie Dostert SA","robots":{"index":"index","follow":"follow","max-snippet":"max-snippet:-1","max-image-preview":"max-image-preview:large","max-video-preview":"max-video-preview:-1"},"canonical":"https:\/\/dostertsa.lu\/index.php\/historique\/","og_locale":"fr_FR","og_type":"article","og_title":"Historique - Menuiserie Dostert SA","og_description":"[vc_row type=\u00a0\u00bbvc_default\u00a0\u00bb margin_top=\u00a0\u00bb5&Prime; margin_bottom=\u00a0\u00bb15&Prime; css=\u00a0\u00bb.vc_custom_1493829267800{padding-top: 70px !important;}\u00a0\u00bb][vc_column offset=\u00a0\u00bbvc_col-lg-6 vc_col-md-6 vc_col-xs-12&Prime; css=\u00a0\u00bb.vc_custom_1493829169670{padding-bottom: 70px !important;}\u00a0\u00bb][vc_column_text]La menuiserie Dostert a \u00e9t\u00e9 fond\u00e9e en 1936 par M. Michel DOSTERT, dont le si\u00e8ge social se trouvait au 269, route de Cessange \u00e0 Luxembourg. Pendant de nombreuses ann\u00e9es, et soutenu par son fils Joseph DOSTERT, p\u00e8re et fils ont travaill\u00e9 dans le&hellip;","og_url":"https:\/\/dostertsa.lu\/index.php\/historique\/","og_site_name":"Menuiserie Dostert SA","article_modified_time":"2024-04-19T08:46:04+00:00","twitter_card":"summary_large_image","twitter_misc":{"Dur\u00e9e de lecture estim\u00e9e":"1 minute"},"schema":{"@context":"https:\/\/schema.org","@graph":[{"@type":"WebPage","@id":"https:\/\/dostertsa.lu\/index.php\/historique\/","url":"https:\/\/dostertsa.lu\/index.php\/historique\/","name":"Historique - Menuiserie Dostert SA","isPartOf":{"@id":"https:\/\/dostertsa.lu\/#website"},"datePublished":"2016-06-23T10:12:53+00:00","dateModified":"2024-04-19T08:46:04+00:00","breadcrumb":{"@id":"https:\/\/dostertsa.lu\/index.php\/historique\/#breadcrumb"},"inLanguage":"fr-FR","potentialAction":[{"@type":"ReadAction","target":["https:\/\/dostertsa.lu\/index.php\/historique\/"]}]},{"@type":"BreadcrumbList","@id":"https:\/\/dostertsa.lu\/index.php\/historique\/#breadcrumb","itemListElement":[{"@type":"ListItem","position":1,"name":"Accueil","item":"https:\/\/dostertsa.lu\/"},{"@type":"ListItem","position":2,"name":"Historique"}]},{"@type":"WebSite","@id":"https:\/\/dostertsa.lu\/#website","url":"https:\/\/dostertsa.lu\/","name":"Menuiserie Dostert SA","description":"Entreprise de Fabrication","potentialAction":[{"@type":"SearchAction","target":{"@type":"EntryPoint","urlTemplate":"https:\/\/dostertsa.lu\/?s={search_term_string}"},"query-input":"required name=search_term_string"}],"inLanguage":"fr-FR"}]}},"_links":{"self":[{"href":"https:\/\/dostertsa.lu\/index.php\/wp-json\/wp\/v2\/pages\/1341","targetHints":{"allow":["GET"]}}],"collection":[{"href":"https:\/\/dostertsa.lu\/index.php\/wp-json\/wp\/v2\/pages"}],"about":[{"href":"https:\/\/dostertsa.lu\/index.php\/wp-json\/wp\/v2\/types\/page"}],"author":[{"embeddable":true,"href":"https:\/\/dostertsa.lu\/index.php\/wp-json\/wp\/v2\/users\/1"}],"replies":[{"embeddable":true,"href":"https:\/\/dostertsa.lu\/index.php\/wp-json\/wp\/v2\/comments?post=1341"}],"version-history":[{"count":9,"href":"https:\/\/dostertsa.lu\/index.php\/wp-json\/wp\/v2\/pages\/1341\/revisions"}],"predecessor-version":[{"id":1603,"href":"https:\/\/dostertsa.lu\/index.php\/wp-json\/wp\/v2\/pages\/1341\/revisions\/1603"}],"wp:attachment":[{"href":"https:\/\/dostertsa.lu\/index.php\/wp-json\/wp\/v2\/media?parent=1341"}],"curies":[{"name":"wp","href":"https:\/\/api.w.org\/{rel}","templated":true}]}}

<p>[vc_row type= »vc_default » margin_top= »5&Prime; margin_bottom= »15&Prime; css= ».vc_custom_1493829267800{padding-top: 70px !important;} »][vc_column offset= »vc_col-lg-6 vc_col-md-6 vc_col-xs-12&Prime; css= ».vc_custom_1493829169670{padding-bottom: 70px !important;} »]<div id="ultimate-heading-641769f387762d31d" class="uvc-heading ult-adjust-bottom-margin ultimate-heading-641769f387762d31d uvc-7491 accent-border-color" data-hspacer="line_only"  data-halign="left" style="text-align:left"><div class="uvc-main-heading ult-responsive"  data-ultimate-target='.uvc-heading.ultimate-heading-641769f387762d31d h2'  data-responsive-json-new='{"font-size":"desktop:26px;","line-height":"desktop:36px;"}' ><h2 style="font-weight:bold;">Qui sommes-nous?</h2></div><div class="uvc-heading-spacer line_only" style="margin-top:15px;margin-bottom:50px;height:4px;"><span class="uvc-headings-line" style="border-style:solid;border-bottom-width:4px;border-color:;width:50px;"></span></div></div><style type="text/css" data-type="the7_shortcodes-inline-css">.shortcode-single-image-wrap.shortcode-single-image-d99ae8489856000cb8b413d65583ae68.enable-bg-rollover .rollover i,
.shortcode-single-image-wrap.shortcode-single-image-d99ae8489856000cb8b413d65583ae68.enable-bg-rollover .rollover-video i {
  background: -webkit-linear-gradient();
  background: linear-gradient();
}
.shortcode-single-image-wrap.shortcode-single-image-d99ae8489856000cb8b413d65583ae68 .rollover-icon {
  font-size: 32px;
  color: #ffffff;
  min-width: 44px;
  min-height: 44px;
  line-height: 44px;
  border-radius: 100px;
  border-style: solid;
  border-width: 0px;
}
.dt-icon-bg-on.shortcode-single-image-wrap.shortcode-single-image-d99ae8489856000cb8b413d65583ae68 .rollover-icon {
  background: rgba(255,255,255,0.3);
  box-shadow: none;
}
</style><div class="shortcode-single-image-wrap shortcode-single-image-d99ae8489856000cb8b413d65583ae68 alignnone  vc_custom_1619012000328 enable-bg-rollover dt-icon-bg-off" ><div class="shortcode-single-image"><div class="fancy-media-wrap  layzr-bg" style=""><img loading="lazy" decoding="async" class="preload-me lazy-load" src="data:image/svg+xml,%3Csvg%20xmlns%3D&#39;http%3A%2F%2Fwww.w3.org%2F2000%2Fsvg&#39;%20viewBox%3D&#39;0%200%20498%20249&#39;%2F%3E" data-src="https://dostertsa.lu/wp-content/uploads/2021/04/slide_04-498x249.jpg" data-srcset="https://dostertsa.lu/wp-content/uploads/2021/04/slide_04-498x249.jpg 498w" width="498" height="249"  data-dt-location="https://dostertsa.lu/index.php/ueber-uns/slide_04/" style="" alt="" /></div></div></div>[vc_column_text]La menuiserie Dostert a été fondée en 1936 par M. Michel DOSTERT, dont le siège social se trouvait au 269, route de Cessange à Luxembourg.</p>
<p>Pendant de nombreuses années, et soutenu par son fils Joseph DOSTERT, père et fils ont travaillé dans le but d&rsquo;assurer la pérennité de l&rsquo;entreprise familiale.</p>
<p>Au fil du temps, M. Joseph DOSTERT a pris la direction de l&rsquo;entreprise familiale jusqu&rsquo;à ce qu&rsquo;il construise, en 1968, son propre atelier de 1200 m2 au 106A Kohlenberg, qui est toujours le site de la menuiserie Dostert en 2024.[/vc_column_text][/vc_column][vc_column offset= »vc_col-lg-6 vc_col-md-6 vc_col-xs-12&Prime; css= ».vc_custom_1493829183360{padding-bottom: 70px !important;} »]<div id="ultimate-heading-431669f387762df68" class="uvc-heading ult-adjust-bottom-margin ultimate-heading-431669f387762df68 uvc-4524 accent-border-color" data-hspacer="line_only"  data-halign="left" style="text-align:left"><div class="uvc-main-heading ult-responsive"  data-ultimate-target='.uvc-heading.ultimate-heading-431669f387762df68 h2'  data-responsive-json-new='{"font-size":"desktop:26px;","line-height":"desktop:36px;"}' ><h2 style="font-weight:bold;">A ce jour, la menuiserie Dostert est composée de</h2></div><div class="uvc-heading-spacer line_only" style="margin-top:15px;margin-bottom:40px;height:4px;"><span class="uvc-headings-line" style="border-style:solid;border-bottom-width:4px;border-color:;width:50px;"></span></div></div><div class="standard-arrow bullet-top"><ul>
<li>18 employés fixes dans les domaines de la fabrication et de la mise en œuvre</li>
<li>1 dessinateur</li>
<li>1 technicien</li>
<li>Et d&rsquo;une direction qui reste toujours à l’écoute de ses clients</li>
</ul>
</div>[/vc_column][/vc_row]</p>

<p>[vc_row type= »vc_default » margin_top= »5&Prime; margin_bottom= »15&Prime; css= ».vc_custom_1493829267800{padding-top: 70px !important;} »][vc_column offset= »vc_col-lg-6 vc_col-md-6 vc_col-xs-12&Prime; css= ».vc_custom_1493829169670{padding-bottom: 70px !important;} »][vc_column_text]La menuiserie Dostert a été fondée en 1936 par M. Michel DOSTERT, dont le siège social se trouvait au 269, route de Cessange à Luxembourg. Pendant de nombreuses années, et soutenu par son fils Joseph DOSTERT, père et fils ont travaillé dans le&hellip;</p>

<!-- This site is optimized with the Yoast SEO plugin v22.6 - https://yoast.com/wordpress/plugins/seo/ -->
<title>Historique - Menuiserie Dostert SA</title>
<meta name="robots" content="index, follow, max-snippet:-1, max-image-preview:large, max-video-preview:-1" />
<link rel="canonical" href="https://dostertsa.lu/index.php/historique/" />
<meta property="og:locale" content="fr_FR" />
<meta property="og:type" content="article" />
<meta property="og:title" content="Historique - Menuiserie Dostert SA" />
<meta property="og:description" content="[vc_row type= »vc_default » margin_top= »5&Prime; margin_bottom= »15&Prime; css= ».vc_custom_1493829267800{padding-top: 70px !important;} »][vc_column offset= »vc_col-lg-6 vc_col-md-6 vc_col-xs-12&Prime; css= ».vc_custom_1493829169670{padding-bottom: 70px !important;} »][vc_column_text]La menuiserie Dostert a été fondée en 1936 par M. Michel DOSTERT, dont le siège social se trouvait au 269, route de Cessange à Luxembourg. Pendant de nombreuses années, et soutenu par son fils Joseph DOSTERT, père et fils ont travaillé dans le&hellip;" />
<meta property="og:url" content="https://dostertsa.lu/index.php/historique/" />
<meta property="og:site_name" content="Menuiserie Dostert SA" />
<meta property="article:modified_time" content="2024-04-19T08:46:04+00:00" />
<meta name="twitter:card" content="summary_large_image" />
<meta name="twitter:label1" content="Durée de lecture estimée" />
	<meta name="twitter:data1" content="1 minute" />
<script type="application/ld+json" class="yoast-schema-graph">{"@context":"https://schema.org","@graph":[{"@type":"WebPage","@id":"https://dostertsa.lu/index.php/historique/","url":"https://dostertsa.lu/index.php/historique/","name":"Historique - Menuiserie Dostert SA","isPartOf":{"@id":"https://dostertsa.lu/#website"},"datePublished":"2016-06-23T10:12:53+00:00","dateModified":"2024-04-19T08:46:04+00:00","breadcrumb":{"@id":"https://dostertsa.lu/index.php/historique/#breadcrumb"},"inLanguage":"fr-FR","potentialAction":[{"@type":"ReadAction","target":["https://dostertsa.lu/index.php/historique/"]}]},{"@type":"BreadcrumbList","@id":"https://dostertsa.lu/index.php/historique/#breadcrumb","itemListElement":[{"@type":"ListItem","position":1,"name":"Accueil","item":"https://dostertsa.lu/"},{"@type":"ListItem","position":2,"name":"Historique"}]},{"@type":"WebSite","@id":"https://dostertsa.lu/#website","url":"https://dostertsa.lu/","name":"Menuiserie Dostert SA","description":"Entreprise de Fabrication","potentialAction":[{"@type":"SearchAction","target":{"@type":"EntryPoint","urlTemplate":"https://dostertsa.lu/?s={search_term_string}"},"query-input":"required name=search_term_string"}],"inLanguage":"fr-FR"}]}</script>
<!-- / Yoast SEO plugin. -->

[vc_row type= »vc_default » margin_top= »5&Prime; margin_bottom= »15&Prime; css= ».vc_custom_1493829267800{padding-top: 70px !important;} »][vc_column offset= »vc_col-lg-6 vc_col-md-6 vc_col-xs-12&Prime; css= ».vc_custom_1493829169670{padding-bottom: 70px !important;} »][vc_column_text]La menuiserie Dostert a été fondée en 1936 par M. Michel DOSTERT, dont le siège social se trouvait au 269, route de Cessange à Luxembourg. Pendant de nombreuses années, et soutenu par son fils Joseph DOSTERT, père et fils ont travaillé dans le&hellip;
